s of 370.
2, 5, 37
What are the prime factors of 6155?
5, 1231
List the prime factors of 5259.
3, 1753
What are the prime factors of 26817?
3, 7, 1277
List the prime factors of 1453.
1453
List the prime factors of 61715.
5, 12343
What are the prime factors of 8497?
29, 293
List the prime factors of 1212.
2, 3, 101
List the prime factors of 99797.
23, 4339
What are the prime factors of 4200?
2, 3, 5, 7
What are the prime factors of 11848?
2, 1481
What are the prime factors of 13757?
13757
What are the prime factors of 5641?
5641
What are the prime factors of 46087?
17, 2711
What are the prime factors of 2327?
13, 179
What are the prime factors of 7888?
2, 17, 29
List the prime factors of 7687.
7687
What are the prime factors of 11385?
3, 5, 11, 23
List the prime factors of 11882.
2, 13, 457
List the prime factors of 26704.
2, 1669
List the prime factors of 131380.
2, 5, 6569
List the prime factors of 1081.
23, 47
List the prime factors of 1001.
7, 11, 13
List the prime factors of 14749.
7, 43
What are the prime factors of 415?
5, 83
List the prime factors of 24829.
7, 3547
List the prime factors of 8460.
2, 3, 5, 47
List the prime factors of 20779.
11, 1889
What are the prime factors of 8813?
7, 1259
What are the prime factors of 750?
2, 3, 5
What are the prime factors of 22884?
2, 3, 1907
What are the prime factors of 5658?
2, 3, 23, 41
What are the prime factors of 52194?
2, 3, 8699
What are the prime factors of 1370?
2, 5, 137
List the prime factors of 46754.
2, 97, 241
What are the prime factors of 6384?
2, 3, 7, 19
What are the prime factors of 103053?
3, 34351
List the prime factors of 733.
733
List the prime factors of 8453.
79, 107
List the prime factors of 331.
331
List the prime factors of 6591.
3, 13
What are the prime factors of 4517?
4517
List the prime factors of 7330.
2, 5, 733
List the prime factors of 1110.
2, 3, 5, 37
What are the prime factors of 266?
2, 7, 19
List the prime factors of 6687.
3, 743
What are the prime factors of 46813?
13, 277
List the prime factors of 72984.
2, 3, 3041
List the prime factors of 56891.
56891
What are the prime factors of 18394?
2, 17, 541
List the prime factors of 914.
2, 457
List the prime factors of 4590.
2, 3, 5, 17
What are the prime factors of 24131?
59, 409
What are the prime factors of 95955?
3, 5, 6397
List the prime factors of 253.
11, 23
What are the prime factors of 16063?
16063
What are the prime factors of 1751?
17, 103
What are the prime factors of 10379?
97, 107
What are the prime factors of 12219?
3, 4073
List the prime factors of 86861.
86861
List the prime factors of 32948.
2, 8237
What are the prime factors of 12669?
3, 41, 103
List the prime factors of 3191.
3191
What are the prime factors of 1080?
2, 3, 5
What are the prime factors of 53329?
17, 3137
List the prime factors of 994.
2, 7, 71
List the prime factors of 686.
2, 7
List the prime factors of 635.
5, 127
List the prime factors of 113445.
3, 5, 2521
List the prime factors of 4850.
2, 5, 97
List the prime factors of 1731.
3, 577
What are the prime factors of 142538?
2, 11, 19, 31
List the prime factors of 2986.
2, 1493
List the prime factors of 1748.
2, 19, 23
What are the prime factors of 2161?
2161
What are the prime factors of 55210?
2, 5, 5521
List the prime factors of 11006.
2, 5503
What are the prime factors of 53795?
5, 7, 29, 53
What are the prime factors of 9230?
2, 5, 13, 71
What are the prime factors of 274?
2, 137
List the prime factors of 1415.
5, 283
What are the prime factors of 79240?
2, 5, 7, 283
What are the prime factors of 6954?
2, 3, 19, 61
List the prime factors of 75547.
31, 2437
What are the prime factors of 11894?
2, 19, 313
What are the prime factors of 47232?
2, 3, 41
List the prime factors of 1373.
1373
List the prime factors of 3653.
13, 281
What are the prime factors of 6701?
6701
What are the prime factors of 2258?
2, 1129
List the prime factors of 2730.
2, 3, 5, 7, 13
List the prime factors of 48832.
2, 7, 109
What are the prime factors of 124366?
2, 11, 5653
What are the prime factors of 5621?
7, 11, 73
List the prime factors of 1682.
2, 29
List the prime factors of 353.
353
List the prime factors of 26132.
2, 47, 139
What are the prime factors of 3638?
2, 17, 107
What are the prime factors of 15742?
2, 17, 463
What are the prime factors of 2015?
5, 13, 31
List the prime factors of 58194.
2, 3, 53, 61
List the prime factors of 3674.
2, 11, 167
What are the prime factors of 11435?
5, 2287
List the prime factors of 774.
2, 3, 43
What are the prime factors of 46253?
23, 2011
List the prime factors of 89892.
2, 3, 11, 227
List the prime factors of 1160.
2, 5, 29
What are the prime factors of 10123?
53, 191
List the prime factors of 1442.
2, 7, 103
List the prime factors of 134052.
2, 3, 11171
What are the prime factors of 79891?
7, 101, 113
List the prime factors of 24768.
2, 3, 43
What are the prime factors of 32391?
3, 59, 61
List the prime factors of 39577.
19, 2083
List the prime factors of 3425.
5, 137
What are the prime factors of 216?
2, 3
List the prime factors of 24157.
7, 17, 29
What are the prime factors of 4002?
2, 3, 23, 29
List the prime factors of 156.
2, 3, 13
List the prime factors of 1706.
2, 853
What are the prime factors of 4713?
3, 1571
What are the prime factors of 2187?
3
What are the prime factors of 1912?
2, 239
What are the prime factors of 1241?
17, 73
What are the prime factors of 25965?
3, 5, 577
List the prime factors of 91408.
2, 29, 197
What are the prime factors of 57391?
29, 1979
What are the prime factors of 36000?
2, 3, 5
List the prime factors of 4135.
5, 827
What are the prime factors of 10322?
2, 13, 397
List the prime factors of 851.
23, 37
What are the prime factors of 1679?
23, 73
List the prime factors of 79509.
3, 17, 1559
What are the prime factors of 6025?
5, 241
What are the prime factors of 5089?
7, 727
List the prime factors of 1116.
2, 3, 31
What are the prime factors of 4317?
3, 1439
What are the prime factors of 12077?
13, 929
What are the prime factors of 2850?
2, 3, 5, 19
List the prime factors of 504.
2, 3, 7
List the prime factors of 74884.
2, 97, 193
What are the prime factors of 721?
7, 103
List the prime factors of 11678.
2, 5839
List the prime factors of 44333.
43, 1031
List the prime factors of 123.
3, 41
List the prime factors of 1374.
2, 3, 229
What are the prime factors of 1938?
2, 3, 17, 19
What are the prime factors of 13614?
2, 3, 2269
List the prime factors of 1028.
2, 257
List the prime factors of 1714.
2, 857
List the prime factors of 85.
5, 17
List the prime factors of 14075.
5, 563
What are the prime factors of 10584?
2, 3, 7
What are the prime factors of 11888?
2, 743
List the prime factors of 4135.
5, 827
List the prime factors of 901.
17, 53
List the prime factors of 1180.
2, 5, 59
What are the prime factors of 34545?
3, 5, 7, 47
What are the prime factors of 32975?
5, 1319
What are the prime factors of 48649?
48649
List the prime factors of 2541.
3, 7, 11
What are the prime factors of 28153?
47, 599
List the prime factors of 94124.
2, 23531
What are the prime factors of 6078?
2, 3, 1013
What are the prime factors of 719?
719
List the prime factors of 2083.
2083
List the prime factors of 342.
2, 3, 19
List the prime factors of 1365.
3, 5, 7, 13
What are the prime factors of 860?
2, 5, 43
What are the prime factors of 15462?
2, 3, 859
List the prime factors of 903.
3, 7, 43
What are the prime factors of 2892?
2, 3, 241
What are the prime factors of 28406?
2, 7, 2029
List the prime factors of 834.
2, 3, 139
List the prime factors of 1934.
2, 967
List the prime factors of 1023.
3, 11, 31
What are the prime factors of 17004?
2, 3, 13, 109
What are the prime factors of 994?
2, 7, 71
What are the prime factors of 986?
2, 17, 29
What are the prime factors of 10559?
10559
List the prime factors of 87439.
11, 7949
What are the prime factors of 132005?
5, 17, 1553
List the prime factors of 581.
7, 83
What are the prime factors of 10477?
10477
What are the prime factors of 132335?
5, 7, 19, 199
List the prime factors of 912.
2, 3, 19
What are the prime factors of 74208?
2, 3, 773
List the prime factors of 470.
2, 5, 47
What are the prime factors of 8303?
19, 23
What are the prime factors of 9276?
2, 3, 773
What are the p